 (-8 - -2) + 2. What is the units digit of w(s)?
5
Let x = 433 - 216. What is the tens digit of x?
1
Let j be 8/(-6)*(-1 + 13). What is the units digit of 1/2 - 120/j?
8
Suppose -85 = -4*f - f. What is the tens digit of f?
1
Let a(d) = -d**3 - 5*d**2 - 6*d - 4. Suppose -4*u = -16 - 8. Suppose 5*y + 14 + u = 0. What is the units digit of a(y)?
4
Suppose -3*y = -3*r - 162, r - 5*r = -20. What is the tens digit of y?
5
Let u(n) = -2*n - 6. Let m be u(-5). Suppose -2 = -2*z + m. What is the units digit of z?
3
Suppose 4*a - 150 = -a. What is the units digit of a?
0
Suppose 12 = 2*a + a. Suppose -a*d + 8 = -2*d. Let t(b) = -b**3 + 4*b**2 + b. What is the units digit of t(d)?
4
Let n = 4 - 0. Suppose c - 80 = -5*y, y - 2*c = n*y - 41. What is the tens digit of y?
1
Let u(j) = 9*j**2 + 2*j - 15. Let y(b) = -5*b**2 - b + 8. Let c(l) = 6*u(l) + 11*y(l). Let z be c(2). Let p = 1 - z. What is the units digit of p?
5
Suppose 15 = 3*y, -5*f + 41 = -f + y. Let u be (-4)/(4 - 3 - -1). Let z = f - u. What is the units digit of z?
1
Suppose 7*r - 86 = 5*r. What is the units digit of r?
3
Suppose -2*j + 10 = 0, -42 = -0*t - t + 5*j. What is the tens digit of t?
6
Suppose 6 = 4*q - 2. Suppose 0 = h - 3*h + 5*r + 26, -q*h - 3*r + 26 = 0. What is the tens digit of h?
1
Let u(y) = y**3 + 6*y**2 + 3*y + 11. What is the units digit of u(-5)?
1
Let y = 179 - -28. What is the units digit of y?
7
Suppose 0 = -3*t + 6, -4*t + 160 = 3*j + j. What is the tens digit of j?
3
Let l = -39 + 52. What is the units digit of l?
3
Suppose w - 4*w + v - 32 = 0, -4*v + 40 = -4*w. Let x(j) = j**2 + 12*j + 15. What is the units digit of x(w)?
4
Suppose w = -2*z - 11, -2*z - 1 - 5 = 0. Let t(v) = -v**3 - 5*v**2 - 3*v - 7. What is the units digit of t(w)?
8
Suppose 3*i - 5*u = 79, -3*i + 64 = -2*u - 0*u. Suppose -i = -3*o + o. What is the units digit of o?
9
Suppose -l = -5*c - 10 + 36, 3*c - 2*l = 10. Let k = 1 + -1. Suppose k = -4*j + 5*j - c. What is the units digit of j?
6
Suppose 6*z + 290 = 812. What is the units digit of z?
7
Let z = 5 + 10. Suppose -n - i + z = 0, -3*n - 4*i = -5*n + 18. What is the units digit of n?
3
Suppose -7*d + 2*d + 130 = 0. What is the units digit of d/3 + 2/6?
9
Let w = 179 + -98. What is the tens digit of w?
8
Suppose 2*v = 76 + 174. What is the tens digit of v?
2
What is the units digit of -1 + 75 + 4/(-1)?
0
Let n = 11 + -7. Suppose n*r = 4 + 20. What is the units digit of r?
6
What is the units digit of 3/(-6) + (-4 - (-79)/2)?
5
Let n = 28 + 5. Suppose n = -6*x + 7*x. What is the tens digit of x?
3
Suppose -2*j + 2 = s, 4*s = -2*j + s - 2. Suppose 42 - 140 = j*q. What is the units digit of (-2)/7 - 210/q?
4
What is the tens digit of ((-16)/40)/(2/(-460))?
9
Suppose -4*j = -u - 27, 0*u - 9 = 3*u. What is the units digit of j?
6
Let v be (-6)/12 - (-494)/4. What is the units digit of 9/(-15) + v/5?
4
Let v be 10/(-3)*12/(-10). Suppose 64 = 5*c - v*r, c - 3*c = -3*r - 27. What is the tens digit of c?
1
Let x = -39 + 122. Let g = -45 + x. What is the units digit of g?
8
Suppose 2*f + 0*f + 4*h = 32, 0 = 5*f - 3*h - 54. Suppose f = -5*l + 7*l. Suppose 45 = l*q - q. What is the units digit of q?
9
Suppose -4 = -3*u - 16. What is the tens digit of 2/(-4) + (-54)/u?
1
Suppose 4*t - 2*c - 42 = -0*t, 0 = 5*t - 2*c - 51. What is the units digit of t?
9
Suppose 52 + 193 = 5*c. What is the units digit of c?
9
Suppose -f = -6*f. Suppose -i + 3 = 5*d - 7, f = 4*i + 3*d - 40. What is the tens digit of i?
1
Suppose 0 = -5*v + 4*x - 5, x = 5*v - 0*x - 10. What is the units digit of v?
3
Suppose -114 = -5*x + 3*p, -4*p = x - 4 - 5. What is the tens digit of x?
2
Let z be (-28)/(-6) + 8/(-12). Suppose -2*f + 4 = a + 1, a + 15 = z*f. What is the units digit of ((-1)/(-2))/(a/(-42))?
7
Let n be (3/2)/((-9)/(-24)). Let h be (-5)/4*(0 + -8). Suppose n*f = -2 + h. What is the units digit of f?
2
Suppose -5*p + 3*s = -0*s - 6, 0 = -3*p + 5*s - 6. Suppose 0 = -p*f + 10 + 14. What is the units digit of f?
8
Suppose n = -2*i - 0*i + 8, -5*n - 20 = 0. Let a(f) be the first derivative of 3*f**2/2 - 3*f + 5. What is the units digit of a(i)?
5
What is the units digit of 1869/18 + 4 + (-138)/36?
4
Let v(u) = u + 2*u**2 + 4*u**2 - 3 - 5*u**2. Let z be v(-3). Suppose 0 = z*j - 5*j + 6. What is the units digit of j?
3
Let b(r) = -r**3 + 6*r**2 - 4*r + 3. Suppose 34 = 4*c + 14. Let y be b(c). Let f = y - 5. What is the units digit of f?
3
Let k(c) = -c**3 - 8*c**2 + 7*c - 11. What is the units digit of k(-9)?
7
Let c(s) = 2*s - 7. Let d be c(11). Suppose 2*h - 32 - d = 5*t, -h = -2*t - 22. What is the units digit of h?
6
Let s be (-118)/(-12) + 3/18. What is the units digit of 215/s + 1/(-2)?
1
Let z = -3 + 5. Let s(m) = 0*m**3 - 4*m**z + 4*m - 8*m + m**3. What is the units digit of s(5)?
5
Suppose 68 + 77 = -5*v. Let f be (-1)/(6/3)*-2. What is the tens digit of v/(-3) + f/3?
1
Let b be 6/(-30) - 182/(-10). What is the units digit of (-6)/27 + 508/b?
8
Suppose 5 = 4*g + 13. Let w(x) = -x**3 - x**2 - x - 1. What is the units digit of w(g)?
5
Suppose 177 = 5*r - 5*h - 28, 10 = -5*h. What is the tens digit of r?
3
Suppose 0 = 5*x - 0*x - 30. Let k be (-501)/(-18) - (-1)/x. Suppose -k = -p - 3*p. What is the units digit of p?
7
Suppose 355 = 5*y - 3*i, 3*y - i - 209 = -0*i. Suppose q - 2*v - v = 6, -4*q + y = -v. What is the units digit of q?
8
Let o(v) = -3*v + 11. What is the units digit of o(2)?
5
Let n = -50 + 99. What is the tens digit of n?
4
Suppose 5*q - 4 = q, -86 = -3*f - 2*q. Suppose 2*a = -a - 5*i + f, 2*i - 31 = -3*a. Let m = a + -7. What is the units digit of m?
4
Let z(p) = 9*p - 7. What is the units digit of z(5)?
8
Suppose -4 = -i - 8, 0 = 3*v + 4*i - 560. What is the hundreds digit of v?
1
Let g(j) = -j**3 + 11*j**2 + j - 16. Let q be g(11). Suppose 3 = 2*z + 5*v, 4*z - z - 5*v = 42. Let p = q + z. What is the units digit of p?
4
Suppose -4 = 4*w - 40. What is the tens digit of -1*(-114)/w*3?
3
Let w(k) = k**2 - 9*k + 2. Let u be w(9). What is the tens digit of u/(-3) - 354/(-18)?
1
Suppose -8*d - 5 = -9*d. Suppose 66 = 3*o - 3*z + 12, o = -d*z - 12. What is the tens digit of o?
1
Suppose 2*n - 6 = 4. Suppose n*k - 38 = 3*k. What is the units digit of k?
9
Suppose 2*a + 7 = -z + 1, 4*a = 3*z - 32. Suppose 5*n - 3*n = z. Suppose n*g + 42 - 14 = 4*t, t - 3*g - 7 = 0. What is the units digit of t?
7
Let i be 1 + (12/3)/2. Suppose 5*m + 15 = -5*j, 2 = i*j - 3*m - 7. What is the units digit of -2 + j + 1 - -4?
3
Let o = 8 - 5. Suppose -3*v + 6*g + 22 = g, 0 = -5*v + o*g + 42. What is the units digit of v?
9
Let n = -12 - -18. Suppose 3*m - 1 = 8. Suppose -m*r - 6 = -18, -3*r = -x - n. What is the units digit of x?
6
Let a = -11 - -20. Suppose -a*u + 20 = -5*u. What is the units digit of u?
5
Let f = -104 + 191. What is the units digit of f?
7
Suppose 9 = -2*t - 3*i, -3*t + i = -2*i - 24. Suppose -w + 42 = t*w - 2*p, w - 5*p - 24 = 0. Let q = w - -3. What is the units digit of q?
2
Suppose -2*g = w - 7, 4*w - 16 = -6*g + 2*g. What is the units digit of (-2)/4*(w - 69)?
4
Let j(u) = u**2 + 6*u - 4. Let i be j(-5). Let y be 172/6 + i/(-27). Suppose -2*v = -3*x + 34 + 17, 0 = -2*x + 3*v + y. What is the tens digit of x?
1
Let y(j) = j**3 - j**2 - j. Let g be y(0). Suppose -t - 4*t + 15 = 0. Suppose g = 5*q - 0*q + 3*z + 7, t*q + 5*z + 17 = 0. What is the units digit of q?
1
Suppose -f = -3*b - 2*f + 61, 5*b - 2*f = 87. Suppose b = -0*p + 3*p - 2*w, -4 = -4*w. Let z = p + -4. What is the units digit of z?
3
Suppose 2*i + 40 - 98 = 0. What is the units digit of i?
9
Let a(n) = 5*n - 8. What is the tens digit of a(6)?
2
Suppose -3*l = -46 - 245. What is the units digit of l?
7
What is the units digit of (-6)/(-4) + (-11)/(-22)?
2
What is the units digit of (6 - 7)*3/((-6)/52)?
6
Suppose 3*g + 23 = -2*d - 36, 53 = -2*d - g. Let h = -10 - d. What is the units digit of h?
5
Let b be 6/4 + (-3)/6. Let d = 4 - b. Suppose d*w = 2*x + 21, w + 4*x - 39 = -2*w. What is the units digit of w?
9
Let n(x) = -x + 26. Let v(p) = 5. Let a(b) = -4*n(b) + 22*v(b). Let h be a(-5). What is the units digit of (-1)/1 + 0 - h?
3
Suppose -1306 + 271 = -3*a. What is the tens digit of a?
4
Let l = 5 - 3. Suppose 2*v + 12 = -2*a - l*a, -5*a - 25 = 0. Suppose -5*y + y = z + 1, v*z - 8 = -4*y. What is the u